640?
6
What is the hundreds digit of 54833313?
3
What is the millions digit of 2703099547?
3
What is the hundred millions digit of 232702179?
2
What is the ten thousands digit of 80762943?
6
What is the ten thousands digit of 2731963827?
6
What is the tens digit of 2282309735?
3
What is the ten thousands digit of 4815055325?
5
What is the millions digit of 866534169?
6
What is the hundred thousands digit of 428183129?
1
What is the tens digit of 1507444313?
1
What is the hundred millions digit of 2995936985?
9
What is the thousands digit of 1965740285?
0
What is the thousands digit of 839966331?
6
What is the millions digit of 162481893?
2
What is the tens digit of 96683932?
3
What is the millions digit of 885977963?
5
What is the ten millions digit of 248008692?
4
What is the millions digit of 58495133?
8
What is the hundreds digit of 2921075890?
8
What is the hundreds digit of 699006995?
9
What is the ten thousands digit of 24870997?
7
What is the hundred thousands digit of 73678120?
6
What is the ten thousands digit of 23403188?
0
What is the thousands digit of 3032377597?
7
What is the tens digit of 348760080?
8
What is the hundred thousands digit of 675026817?
0
What is the hundreds digit of 42827718?
7
What is the thousands digit of 202456366?
6
What is the thousands digit of 37102521?
2
What is the hundred millions digit of 358507401?
3
What is the units digit of 5476735?
5
What is the millions digit of 35755371?
5
What is the units digit of 24584631?
1
What is the tens digit of 260041126?
2
What is the units digit of 247288872?
2
What is the hundred millions digit of 3038045511?
0
What is the ten thousands digit of 36481272?
8
What is the billions digit of 3039250028?
3
What is the thousands digit of 30167445?
7
What is the thousands digit of 2266593?
6
What is the ten thousands digit of 1132287510?
8
What is the millions digit of 9380080?
9
What is the hundred millions digit of 1605257387?
6
What is the ten thousands digit of 230521605?
2
What is the units digit of 398027583?
3
What is the hundred millions digit of 600380225?
6
What is the thousands digit of 163266253?
6
What is the thousands digit of 2321462236?
2
What is the hundreds digit of 189651241?
2
What is the hundred millions digit of 662028506?
6
What is the ten millions digit of 90198689?
9
What is the hundred thousands digit of 233252257?
2
What is the thousands digit of 49669860?
9
What is the millions digit of 65349218?
5
What is the hundreds digit of 15156701?
7
What is the billions digit of 3573364204?
3
What is the ten millions digit of 61332745?
6
What is the ten thousands digit of 60953418?
5
What is the millions digit of 1015184680?
5
What is the thousands digit of 490364781?
4
What is the ten millions digit of 120545961?
2
What is the tens digit of 651097970?
7
What is the ten millions digit of 255782773?
5
What is the units digit of 306736691?
1
What is the hundred thousands digit of 27848690?
8
What is the ten millions digit of 187814358?
8
What is the hundreds digit of 33531444?
4
What is the ten thousands digit of 320422311?
2
What is the hundred thousands digit of 963228195?
2
What is the units digit of 24368068?
8
What is the thousands digit of 318172543?
2
What is the ten thousands digit of 253178386?
7
What is the tens digit of 1273212900?
0
What is the hundreds digit of 213589554?
5
What is the hundred thousands digit of 918058722?
0
What is the hundred thousands digit of 2503444221?
4
What is the ten millions digit of 4438775302?
3
What is the ten millions digit of 58702278?
5
What is the hundreds digit of 367969699?
6
What is the millions digit of 214499189?
4
What is the thousands digit of 341720902?
0
What is the ten thousands digit of 1471852734?
5
What is the thousands digit of 601807818?
7
What is the hundreds digit of 35213434?
4
What is the ten thousands digit of 305260523?
6
What is the hundred thousands digit of 52717967?
7
What is the millions digit of 177846262?
7
What is the hundreds digit of 10980804?
8
What is the units digit of 468935809?
9
What is the tens digit of 767114203?
0
What is the hundred thousands digit of 2780830682?
8
What is the thousands digit of 1327257272?
7
What is the hundred thousands digit of 66526138?
5
What is the hundred millions digit of 216924351?
2
What is the hundred thousands digit of 23494270?
4
What is the ten thousands digit of 64096638?
9
What is the hundred thousands digit of 9933915?
9
What is the tens digit of 9870901?
0
What is the tens digit of 902281908?
0
What is the millions digit of 155307089?
5
What is the units digit of 43154319?
9
What is the tens digit of 5259384?
8
What is the units digit of 135984119?
9
What is the thousands digit of 3991938544?
8
What is the ten millions digit of 394645891?
9
What is the millions digit of 180898468?
0
What is the billions digit of 5455270244?
5
What is the hundreds digit of 4318632230?
2
What is the hundreds digit of 4955664664?
6
What is the ten thousands digit of 42038347?
3
What is the hundreds digit of 5369487011?
0
What is the units digit of 879676408?
8
What is the ten thousands digit of 55595972?
9
What is the ten millions digit of 26061322?
2
What is the hundred millions digit of 218483975?
2
What is the ten thousands digit of 15860593?
6
What is the units digit of 1891120625?
5
What is the millions digit of 32458666?
2
What is the units digit of 7051906369?
9
What is the hundred millions digit of 8339445756?
3
What is the millions digit of 56319203?
6
What is the ten millions digit of 19077083?
1
What is the hundreds digit of 124256018?
0
What is the hundred thousands digit of 4141737954?
7
What is the millions digit of 5166065657?
6
What is the billions digit of 1359362095?
1
What is the ten thousands digit of 5333297976?
9
What is the tens digit of 109565972?
7
What is the hundred thousands digit of 41240793?
2
What is the hundred thousands digit of 13079761?
0
What is the units digit of 131943457?
7
What is the ten millions digit of 4068236163?
6
What is the ten millions digit of 48513744?
4
What is the hundred millions digit of 1288013071?
2
What is the millions digit of 8948563144?
8
What is the units digit of 230179192?
2
What is the ten thousands digit of 86721953?
2
What is the ten millions digit of 553962617?
5
What is the units digit of 1018297481?
1
What is the hundreds digit of 88047926?
9
What is the billions digit of 7399744641?
7
What is the units digit of 87175940?
0
What is the units digit of 1293744464?
4
What is the units digit of 1756921648?
8
What is the hundred thousands digit of 226333120?
3
What is the hundred millions digit of 171372629?
1
What is the tens digit of 58476159?
5
What is the millions digit of 387992040?
7
What is the hundred thousands digit of 759499024?
4
What is the millions digit of 3480342?
3
What is the units digit of 82466384?
4
What is the millions digit of 234973284?
4
What is the hundred thousands digit of 171354732?
3
What is the tens digit of 39590371?
7
What is the millions digit of 20577107?
0
What is the hundreds digit of 12840442?
4
What is the units digit of 119847011?
1
What is the ten millions digit of 820944533?
2
What is the tens digit of 63204037?
3
What is the ten thousands digit of 267688817?
8
What is the hundred millions digit of 422800644?
4
What is the thousands digit of 732985090?
5
What is the ten millions digit of 61397356?
6
What is the ten thousands digit of 20936481?
3
What is the hundreds digit of 7092993?
9
What is the billions digit of 3583041597?
3
What is the tens digit of 1742438007?
0
What is the thousands digit of 14123180?
3
What is the ten millions digit of 252101342?
5
What is the ten thousands digit of 24263695?
6
What is the billions digit of 1248448642?
1
What is the hundred thousands digit of 434580087?
5
What is the millions digit of 12056704?
2
What is the tens digit of 786637375?
7
What is the tens digit of 178877174?
7
What is the millions digit of 993415789?
3
What is the units digit of 195930488?
8
What is the tens digit of 730464594?
9
What is the ten millions digit of 40397945?
4
What is the thousands digit of 29699976?
9
What is the hundred thousands digit of 51313456?
3
What is the units digit of 104435217?
7
What is the tens digit of 42026379?
7
